der when 41 is divided by m(1).
8
Suppose 0 = 3*v + 2*v. Let t = v - -8. Suppose 3*n - 73 = -4. What is the remainder when n is divided by t?
7
Let q be (2 + (1 - 2))*19. Suppose -5*w + q = -t - w, 0 = -t - 3*w + 16. Suppose -10 = -2*m - 3*m. What is the remainder when m is divided by t?
0
Suppose 0 = -6*l + 167 + 37. Calculate the remainder when 133 is divided by l.
31
Let b = -1 - -4. Suppose -b*c + 6*c = 12. What is the remainder when 10 is divided by c?
2
Let f(d) = -d**3 + 4*d**2 + 3*d + 5. Let i be (2 + 0)*-1 + 6. What is the remainder when 33 is divided by f(i)?
16
Let r(f) = -f + 5. Let o be r(0). Suppose 4*t = -o*q + q + 88, 72 = 3*t + 5*q. Calculate the remainder when t is divided by 7.
5
Let x(q) = -3 + 0 + q + 0. Calculate the remainder when 3 is divided by x(6).
0
Let w(m) = -m**2 + 10*m - 3. What is the remainder when (0 + 1)/(2/50) is divided by w(8)?
12
Let g(s) = s**2 - 5*s + 4. Let w be 2*2*(-5 - -6). Let r be g(w). Suppose -82 = -0*h - 2*h - 4*y, r = -2*y + 2. Calculate the remainder when h is divided by 10.
9
Calculate the remainder when 14 + -13 + (1 - -71) is divided by 19.
16
Let f(x) = -55*x**3 - 2*x - 1. Let i = 4 - 5. Calculate the remainder when f(i) is divided by 19.
18
Suppose 6*s = 3*s, o - 94 = -3*s. Calculate the remainder when o is divided by 12.
10
Suppose -30 = -2*y + j, 3*y - 2*j + 24 = 68. What is the remainder when 22 is divided by y?
6
Suppose 4*v + 18 = 3*r, 0*r - r + 17 = -5*v. Suppose 5*q = -k + 68, 6 = q - 3*k + r. Calculate the remainder when 37 is divided by q.
11
Let q(r) = r**3 + 10*r**2 + 4*r - 6. Let x be q(-7). Suppose 0 = -4*y + x + 35. Calculate the remainder when y is divided by 10.
7
Suppose 3*x + 4*m - 4 = -18, 0 = -5*x + 2*m + 20. Suppose -x*f - b + 2*b + 72 = 0, 5*b = -f + 47. Calculate the remainder when 72 is divided by f.
35
Suppose -3*t = -3 + 6. Calculate the remainder when ((3 - -11) + t)/1 is divided by 7.
6
Suppose 89 = -4*u + 297. What is the remainder when u is divided by 11?
8
Let j(l) = l**2 + 4*l - 2. Suppose -5*p + p = 20. Let o be j(p). Suppose o*g - 126 = -15. Calculate the remainder when g is divided by 13.
11
Let h = 42 + -15. Let q = h - -16. What is the remainder when q is divided by 23?
20
Suppose -7*m + m + 246 = 0. What is the remainder when m is divided by 9?
5
Let m(j) = j**3 + 6*j**2 - 7*j + 3. Let p be m(-7). Suppose 4*k = n + 2*n + 37, -13 = -k - 3*n. What is the remainder when 275/15 + (-1)/p is divided by k?
8
Calculate the remainder when 61 is divided by 39/1 + 5/(-1).
27
Let g(d) = d**2 + 2*d - 6. Calculate the remainder when g(-5) is divided by 4.
1
Let n = 68 + -48. Suppose 5*r + 5*q = n, -r + q = 4*r - 44. Calculate the remainder when r is divided by 3.
2
Suppose 6*l - 58 = 104. Let w = l - 3. Calculate the remainder when 69 is divided by w.
21
Suppose -6*h + h = 0. Let c = h - -12. What is the remainder when 45 is divided by c?
9
Let y(w) = -w**3 + 4*w**2 - 2*w - 1. Let h be y(2). Suppose 17 = -h*a + 50. What is the remainder when 31 is divided by a?
9
Suppose -2*g + 17 = j + 4, 3*j = -5*g + 35. Calculate the remainder when 39 is divided by g.
3
Suppose -4*i + 32 = 2*l - 22, 0 = -2*i + 2*l + 36. Calculate the remainder when 23 is divided by i.
8
Let p = 5 + 15. Let y = p + -6. Suppose -5*b + 3*z + 21 = -2*b, -z + 25 = 3*b. What is the remainder when y is divided by b?
6
What is the remainder when 67 is divided by 11/(-5) - -2 - (-51)/5?
7
Suppose -72*s = -70*s - 2. What is the remainder when 1 is divided by s?
0
What is the remainder when 29 is divided by 10 + ((-24)/(-32) - 38/8)?
5
Let j(h) = -5*h + 1. Let p(v) = 5*v. Let o(l) = 6*j(l) + 7*p(l). Let k(u) = -u**3 - u + 11. Calculate the remainder when o(5) is divided by k(0).
9
Suppose 5*f + 12 - 382 = 0. Calculate the remainder when f is divided by 19.
17
Let k = -52 + 147. What is the remainder when k is divided by 16?
15
Calculate the remainder when 38 is divided by (-4)/10 - 288/(-20).
10
Suppose -46 = 6*r - 8*r. What is the remainder when 33 is divided by r?
10
Let h(m) = -m**3 + 8*m**2 - 7*m + 5. What is the remainder when h(7) is divided by 4?
1
Suppose -3*b - 4 + 1 = 0. Let j = b + 20. What is the remainder when j is divided by 5?
4
Suppose -p + 9 = -5. Let b = p - 4. What is the remainder when 29 is divided by b?
9
Let o be 1 + (3 + -3 - 1). Let h(f) be the third derivative of f**4/24 + 8*f**3/3 - f**2. What is the remainder when 47 is divided by h(o)?
15
Let h(l) = -l**3 - 15*l**2 - 14*l + 22. What is the remainder when 40 is divided by h(-14)?
18
Let i(c) = -13*c**2 - 7*c - 1. Let w(f) = f**2 + f. Let z(p) = -i(p) - 4*w(p). Calculate the remainder when z(-2) is divided by 17.
14
Let s(l) = -l**3 + 6*l**2 - 9*l + 9. Let h(t) = 2*t**3 - 11*t**2 + 19*t - 18. Let g(z) = 2*h(z) + 5*s(z). Calculate the remainder when 16 is divided by g(7).
7
Let m(t) = -t**3 - 5*t**2 - 2*t + 4. Let i be m(-6). Let p = -36 + i. Let f(s) = -s**3 - 5*s**2 - 6*s. Calculate the remainder when f(-5) is divided by p.
14
What is the remainder when 241/7 + 3/(-7) is divided by 12?
10
Suppose 293 = 3*v + 2*h, -10 = 4*h + h. Calculate the remainder when v is divided by 25.
24
Let i be (0 - -127) + -1 + -1. Suppose 10 - i = -5*p. Let l(s) = -s**2 + 7*s - 4. What is the remainder when p is divided by l(4)?
7
Let x be 58/(-6) + 10/15. Let z = x - -14. What is the remainder when 28 is divided by 9/12*z*4?
13
Let o be (-1 + 2)*5/1. Suppose -499 - 11 = o*i. Let k = -68 - i. What is the remainder when k is divided by 12?
10
Let i = 27 + -16. What is the remainder when 21 is divided by i?
10
Let o = -35 + 70. Calculate the remainder when o is divided by 9.
8
Let c be 1*(4 - 0) - 1. Suppose -70 = -c*d + 35. What is the remainder when d is divided by 9?
8
Let a be 28/2 + (-5 - -3). Let c be 0 + 0 + a/3. Suppose -k - c*v + 32 = -2*v, 2*v = -6. What is the remainder when k is divided by 13?
12
Let v = 5 - -5. Calculate the remainder when 39 is divided by v.
9
Let f = -55 - -82. Suppose 2*u - 5*u + 12 = 0. Suppose -2*s = 3*x - 16, -4*s + 21 + 51 = -u*x. What is the remainder when f is divided by s?
13
Suppose -2*f - 30 = 3*f. Let u be 1/((-1)/f) - 2. Suppose u*y - 56 = 4*t, -2*y - t = -0*t - 22. Calculate the remainder when 22 is divided by y.
10
Suppose -61 = -5*c + t, -3*c + 2*t - 5 + 36 = 0. Suppose -2*j + c = -3. What is the remainder when j is divided by ((-2)/(-6))/(2/18)?
2
Let j(y) = 2*y + 1. What is the remainder when 24 is divided by j(4)?
6
Let q(v) = -v**2 + 4*v + 3 + 4*v - 6. Let p = 8 - 1. Calculate the remainder when q(3) is divided by p.
5
Let q(t) be the third derivative of -11/60*t**6 + 0*t**4 + 2*t**2 + 0*t - 1/6*t**3 + 0 + 1/60*t**5. Calculate the remainder when q(-1) is divided by 8.
6
Suppose -r = -d, 0 + 1 = 3*r - 2*d. Let i be ((-4)/3)/(5/(-15)). Suppose 0 = i*c + c - 5. What is the remainder when c is divided by r?
0
Suppose 5*l + 90 = 145. Calculate the remainder when 65 is divided by l.
10
Let r(l) = -l**2 + 7*l - 1. Let q be 6 + (0 + 2 - 2). Let g(h) = -h**3 + h**2 - 3*h - 4. What is the remainder when g(-2) is divided by r(q)?
4
Suppose 0 = -v - 12 + 54. What is the remainder when v is divided by 9?
6
Let f(m) = m**3 + 5*m**2 - m - 1. Suppose 0 = -x + 4 + 5. Suppose -y - x = -2*y. Calculate the remainder when y is divided by f(-5).
1
Suppose -3*u = -4*a - 5*u, 0 = 2*a - u + 8. Let j be ((-3)/a)/((-4)/(-24)). Suppose 0 = p - 7 - j. Calculate the remainder when 63 is divided by p.
15
Let g be (3/2)/(12/40). Suppose -g*m = -0*m - 20. What is the remainder when 9 is divided by m?
1
Suppose 4*o + 12 = -0*o, -123 = -3*u + 3*o. What is the remainder when u is divided by (10/5)/(4/26)?
12
Calculate the remainder when 59 is divided by 75*(36/15)/6.
29
Let f(v) be the third derivative of -v**4/8 - 11*v**3/6 + 4*v**2. Calculate the remainder when 37 is divided by f(-7).
7
What is the remainder when 107 - (0 + 1)*(12 - 10) is divided by 36?
33
Let q(p) = -p**3 - p**2 + 4. Let w = -1 - -4. Suppose 0 = -5*m + w + 12. Calculate the remainder when q(0) is divided by m.
1
Let v = 6 + 31. Calculate the remainder when v is divided by 10.
7
Suppose 2*f - 6*f = -12. Suppose -3*l - 2*l = -20. Suppose 0 = -l*x - f*w + 23 + 22, 20 = -4*w. What is the remainder when 28 is divided by x?
13
Let q = 51 - 47. Suppose -z = -f - 2*f,